 is the highest common divisor of 1602 and h?
18
Let k be 1/(-4) - (-1325)/20. Suppose -w - 3*y = -k, 0 = -w + 6*y - y + 82. Calculate the highest common factor of 18 and w.
18
Let r be ((-354)/24 + 13)/(1/(-176)). What is the highest common divisor of r and 539?
77
Suppose -2*b = -6*b + 704. What is the greatest common factor of b and 112?
16
Let y be 4*-1*(-12)/16. Suppose 5*b - 5*n - 25 = 0, y*n = -5 + 2. Calculate the greatest common factor of b and 44.
4
Suppose 0 = 4*d + 96 - 360. Let m(q) = -90*q**3 - q**2 + 6*q + 5. Let r be m(-1). What is the highest common factor of r and d?
22
Let c(j) = -4*j + 14. Let p be c(-8). Let k = -44 + p. What is the highest common divisor of k and 34?
2
Suppose 11*p = 3*p. Let s be 4 - 1 - (p - (189 - -4)). Calculate the highest common factor of s and 28.
28
Let r be (11/(-33))/((-1)/51). Calculate the highest common divisor of 17 and r.
17
Let s be (264/(-9))/11*(-675)/10. Calculate the highest common divisor of s and 20.
20
Let k be 21*(20/(-12) + 2). Let f(m) = -m**3 + 9*m**2 - 10*m + 2. Let z be f(k). Calculate the greatest common divisor of 210 and z.
30
Let f(m) = m + 10. Let t be f(-4). Let r be -4 - (-2 - t) - 3. Suppose -3 = -4*d + r, y - 3*d - 13 = 0. What is the greatest common divisor of 80 and y?
16
Suppose -b - t - 5 = 2*b, -b - 5 = t. Suppose b = 4*i - f - 32, -4*f - f = 3*i - 24. Let a be 90 + 2*(2 + -3). Calculate the greatest common factor of i and a.
8
Let u be 3/21 - 160/(-7). Suppose 20 = -5*o + 6*v - v, -4*v = 3*o - u. Let i be (-7 - 0/1)*-1. What is the highest common factor of o and i?
1
Suppose 3*p - 51 + 24 = 0. Let i be 52/234 - (-673)/p. Suppose 0 = -3*y + 5*j + 85, 0 = 2*y - 4*y - 5*j + 65. Calculate the highest common factor of i and y.
15
Let z be 3/(-6) - (-435)/(-6). Let j = z - -75. Let g = 1 - -2. Calculate the highest common factor of j and g.
1
Let s(b) = -b**3 - b**2 + 2*b + 2. Let v = -12 - -9. Let o be s(v). Suppose 0 = -0*g + g - o. What is the highest common factor of g and 28?
14
Let a be (380/57)/((-1)/3)*51/(-34). Let m be 0 + -1 + 0 + 11. What is the greatest common divisor of a and m?
10
Suppose 2*g - 366 = -4*f - f, f + 4 = 0. Suppose -2*t = -g + 39. Calculate the greatest common divisor of 11 and t.
11
Suppose o + 4*o - 60 = 0. Suppose -5*a = -4*v + 119, -4*a - 4*v - 88 = -0*v. Let k = 61 - a. Calculate the greatest common factor of o and k.
12
Let b(r) = 6*r**2 - r + 2. Let f be b(2). Let u be (27/6 - 5 - (-446)/28)*14. Calculate the highest common divisor of u and f.
24
Let d(x) = -2*x**2 + 10*x + 11. Let y be d(8). Let a = 60 + y. Calculate the greatest common divisor of 230 and a.
23
Let n = -37 - -65. Let m be 9/((-54)/n)*-33. Suppose -2*f + 5*k = -13, -47 = -3*f - f + 3*k. What is the highest common divisor of f and m?
14
Suppose a - 2*i = -a - 6, -26 = -3*a - 4*i. Let t(q) = 6*q**3 + 2*q - 2. Let r be t(a). Calculate the greatest common divisor of r and 5.
5
Suppose -5*s = 4*h + 38, -4*s = -3*h + 4*h + 4. Let f be 76/h - (-1)/3. Let l be f*(-4)/(-8) - -17. What is the highest common factor of l and 28?
14
Suppose y + 1408 + 1542 = 0. Let p be 4/18 - (y/(-9))/(-10). What is the greatest common divisor of 264 and p?
33
Let b = -87 - -92. Suppose b*u - 30 = 4*u. What is the greatest common divisor of u and 150?
30
Let t = 316 - 216. Suppose 7*v + 14 = 84. What is the greatest common divisor of t and v?
10
Let p be 1512/24 - (-2)/1. Let u = p - 55. Let f(r) = 3*r - 2. Let j be f(2). Calculate the greatest common divisor of u and j.
2
Suppose 2*f - 30 = -5*d, -3*f - 5*d + 13 = -22. Suppose -f*b = 5, -p = 5*b + 1 - 0. Suppose -p*g = -24 - 20. What is the greatest common divisor of 1 and g?
1
Let k be (0/1 - 0)/3. Let b(v) = -v**2 + 2*v + 1. Let w be b(k). What is the greatest common divisor of 8 and w?
1
Suppose 0*h + 10 = 2*h. Suppose h*a + a = 30. Let c be (-1358)/(-10) + 1/a. Calculate the greatest common factor of 17 and c.
17
Let l be (-1105)/(-10) - 2/4. Suppose -v + 15 = -s + 25, 5*v = s - 10. Calculate the highest common divisor of s and l.
10
Let c(v) = v**3 - 5*v**2 + 2*v. Let x be c(5). Suppose 0*o - 2 = -o. Let p be (4/o)/(3 + 236/(-80)). What is the highest common factor of p and x?
10
Suppose 5214 = 118*p + 494. Let b = 197 - 137. Calculate the greatest common factor of b and p.
20
Let j be 0/(-3) + 2*-13*3. Let p = -56 - j. Let a = -28 - -39. Calculate the greatest common factor of p and a.
11
Suppose 73 = 6*w + 217. Let t be ((-2)/3)/(2/w). Let g(b) = -b**3 + 8*b**2 + 4*b - 8. Let a be g(t). What is the highest common divisor of a and 60?
12
Let x = -1516 + 1547. Suppose m = v - 92, 3*v = -0*v - 3*m + 282. Calculate the greatest common divisor of v and x.
31
Let s be 52/20 + ((-6)/(-5))/3. Suppose -5*t = s - 203. Let v(m) = 20*m. Let a be v(5). Calculate the greatest common divisor of t and a.
20
Suppose -2*m = -14 - 6. Suppose 80 = -4*q - z, -3*q - 4*z = -m + 57. Let x = q - -27. Calculate the highest common divisor of 66 and x.
6
Suppose -35*p = -38*p + 162. Suppose p = t - 1. What is the greatest common factor of 22 and t?
11
Let s(f) = 3*f + 3. Suppose -5*x = -5 - 10. Let k be s(x). What is the greatest common divisor of k and 84?
12
Suppose 9*j - 12*j + 120 = 0. Let k be j + 0 + (-3)/3. What is the highest common divisor of 3 and k?
3
Let x(c) = -c**3 + 12*c**2 - 4*c + 16. Let z be x(12). Let t be (-8)/28 + z/(-14). Suppose t*y - 143 = 123. What is the highest common factor of y and 19?
19
Let n = 648 - 160. What is the greatest common divisor of n and 8?
8
Let q(v) = -30*v - 267. Let w be q(-9). What is the greatest common divisor of w and 6?
3
Let l(q) = -32*q - 40. Let f be l(-20). What is the highest common factor of 5 and f?
5
Suppose -v - 2*v = -36. Let c be (-58)/(-10) + 7/35. Let k be 280/15 + (-4)/c. Calculate the greatest common divisor of v and k.
6
Suppose -724 + 224 = 2*p. Let m = -241 - p. Let c be (-2 - -100) + 0 + 1. Calculate the highest common factor of m and c.
9
Let u(o) = -7*o - 1. Let y be 1*(-1 + -3) - -3. Let n be u(y). Let a be ((-6)/(-9))/(n/459). Calculate the greatest common factor of 17 and a.
17
Suppose -1295 - 6889 = -11*c. What is the highest common divisor of c and 16?
8
Let r = 888 - 861. Calculate the highest common divisor of r and 36.
9
Let i(u) = 0 - 5*u**2 + 2 - 6 - 7*u + u**3 - 2. Let m be i(8). Suppose 0 = 5*t - 10, 0 = 5*j - t - m - 8. What is the greatest common divisor of j and 7?
7
Let n = -7 + 11. Suppose 6*h = 3*h - n*g + 29, -g + 37 = 5*h. Suppose -2*c + h*c = 70. What is the greatest common divisor of c and 14?
14
Let q be (5 - 3)*(13 - -7). What is the highest common factor of 60 and q?
20
Let o = -52 - -54. Suppose -o*r + 14 = 8. What is the greatest common factor of r and 24?
3
Let g be 5*(-14)/(-2) + 0. Let m(t) = -t**2 - 15*t + 385. Let z be m(0). What is the greatest common factor of z and g?
35
Suppose 38*w = -73 + 263. Calculate the highest common divisor of w and 40.
5
Let h = 102 + -77. Let p = -5 + h. Calculate the highest common factor of p and 50.
10
Let s(x) = 5*x**3 + 2*x. Let k be s(-2). Let m = 121 - 256. Let p = k - m. Calculate the highest common factor of p and 13.
13
Let x be (-1)/4 + (-9)/(-4). Suppose 3*d - 15 = -3*l, -2*l + 2*d = 1 - 11. What is the greatest common divisor of l and x?
1
Suppose -4*l + 4*y + 84 = 0, 3*l + 2*y - 41 = 42. What is the highest common factor of l and 825?
25
Suppose 0 = -4*o + 267 - 11. Let k = 25 + -17. What is the highest common divisor of k and o?
8
Suppose 5*m = -2*s - 32, -2 = -4*s - 3*m - 38. Let a be s/8 - ((-508)/16)/1. What is the highest common factor of 31 and a?
31
Let a = -8 + 10. Suppose -5*s + i = a*i - 1, -2*i = 8. What is the highest common factor of s and 4?
1
Let c = 477 - 313. Suppose -4*b - 101 - 59 = -3*n, -2*b = -3*n + c. Calculate the greatest common factor of 42 and n.
14
Let q = 794 - 738. Calculate the greatest common factor of q and 392.
56
Let j(x) = -x**3 - 2*x**2 - 12. Suppose 0*k + 3*k = -2*p - 20, -2 = 2*p. Let w be j(k). Let s be 4*3 - 0/(-2). What is the greatest common divisor of s and w?
12
Suppose 6241 = 17*w + 750. What is the highest common divisor of 17 and w?
17
Let k be (-1)/(-3) + (-25)/(-15). Suppose -4 = k*v - 28. Let i(a) = a**2 + 6*a + 8. Let t be i(-5). Calculate the highest common fa